

{"id":225,"date":"2025-08-28T14:39:33","date_gmt":"2025-08-28T12:39:33","guid":{"rendered":"https:\/\/daniel-chelaru.ro\/?page_id=225"},"modified":"2025-08-28T16:56:41","modified_gmt":"2025-08-28T14:56:41","slug":"despre-mine","status":"publish","type":"page","link":"https:\/\/daniel-chelaru.ro\/index.php\/despre-mine\/","title":{"rendered":"Despre mine"},"content":{"rendered":"\n<p><\/p>\n\n\n<div class=\"kb-row-layout-wrap kb-row-layout-id225_1a46bd-82 alignfull has-background-background-color kt-row-has-bg wp-block-kadence-rowlayout\"><div class=\"kt-row-layout-overlay kt-row-overlay-normal\"><\/div><div class=\"kt-row-column-wrap kt-has-2-columns kt-row-layout-left-golden kt-tab-layout-inherit kt-mobile-layout-row kt-row-valign-top kb-theme-content-width\">\n\n<div class=\"wp-block-kadence-column kadence-column225_400b5b-0a inner-column-1\"><div class=\"kt-inside-inner-col\">\n<h1 class=\"kt-adv-heading225_8fc06a-11 wp-block-kadence-advancedheading has-theme-palette-9-color has-text-color\" data-kb-block=\"kb-adv-heading225_8fc06a-11\"><strong>\u00ceN LOC DE CURRICULUM VITAE<\/strong><\/h1>\n<\/div><\/div>\n\n\n\n<div class=\"wp-block-kadence-column kadence-column225_3c0547-32\"><div class=\"kt-inside-inner-col\"><\/div><\/div>\n\n<\/div><\/div>\n\n<div class=\"kb-row-layout-wrap kb-row-layout-id225_f82c3b-05 alignfull has-theme-palette9-background-color kt-row-has-bg wp-block-kadence-rowlayout\"><div class=\"kt-row-column-wrap kt-has-2-columns kt-row-layout-equal kt-tab-layout-row kt-mobile-layout-row kt-row-valign-middle kb-theme-content-width\">\n\n<div class=\"wp-block-kadence-column kadence-column225_91a2e9-92 inner-column-1\"><div class=\"kt-inside-inner-col\">\n<p class=\"kt-adv-heading225_3dbc8c-f6 wp-block-kadence-advancedheading has-theme-palette-4-color has-text-color\" data-kb-block=\"kb-adv-heading225_3dbc8c-f6\">Bun\u0103 ziua! Numele meu este Daniel Chelaru. Sunt n\u0103scut toamna, c\u00e2nd asprimea vinului proasp\u0103t mustuit incepe s\u0103 se simt\u0103 \u00een butoaiele gospodarilor&#8230; c\u00e2nd ultimele r\u0103m\u0103\u0219i\u021be de recolt\u0103 se ad\u0103postesc \u00een hambare&#8230; c\u00e2nd se umplu butoaiele cu mur\u0103turi si varz\u0103 pentru iarn\u0103, c\u00e2nd borcanele cu zacusc\u0103, gemuri de prune sau gutui ori de compoturi, umplu rafturile c\u0103m\u0103rilor, cand ploaia rece, moc\u0103neasca, face sa infloreasc\u0103 crizantemele \u0219i tuf\u0103nelele cu al lor miros dulce amarui&#8230;c\u00e2nd gutuile, puse pe dulapuri sau pe pervazurile geamurilor, umplu cu aroma lor c\u0103m\u0103ru\u021bele b\u0103tr\u00e2nilor bunici&#8230;cand bruma albe\u0219te discret iarba \u0219i ramurile gola\u0219e, parca a despar\u021bire de vara ce tocmai a trecut, prevestind ninsorile care stau s\u0103 vin\u0103&#8230;c\u00e2nd g\u00e2ndurile r\u0103v\u0103\u0219ite de v\u00e2ntul vie\u021bii, intocmai ca \u0219i frunzele ce cad alene, acoperind cu al lor covor galben ruginiu p\u0103m\u00e2ntul, \u00eencep s\u0103 se a\u0219eze \u0219i s\u0103 se adune \u00een buchet de in\u021belepciune&#8230;<\/p>\n<\/div><\/div>\n\n\n\n<div class=\"wp-block-kadence-column kadence-column225_f4fda5-fa inner-column-2\"><div class=\"kt-inside-inner-col\">\n<figure class=\"wp-block-kadence-image kb-image225_68724b-3d size-large kb-image-is-ratio-size\"><div class=\"kb-is-ratio-image kb-image-ratio-port34\"><img loading=\"lazy\" decoding=\"async\" width=\"817\" height=\"1024\" src=\"https:\/\/daniel-chelaru.ro\/wp-content\/uploads\/2025\/08\/IMG-20250817-WA0031-817x1024.jpg\" alt=\"\" class=\"kb-img wp-image-108\" srcset=\"https:\/\/daniel-chelaru.ro\/wp-content\/uploads\/2025\/08\/IMG-20250817-WA0031-817x1024.jpg 817w, https:\/\/daniel-chelaru.ro\/wp-content\/uploads\/2025\/08\/IMG-20250817-WA0031-239x300.jpg 239w, https:\/\/daniel-chelaru.ro\/wp-content\/uploads\/2025\/08\/IMG-20250817-WA0031-768x963.jpg 768w, https:\/\/daniel-chelaru.ro\/wp-content\/uploads\/2025\/08\/IMG-20250817-WA0031-50x63.jpg 50w, https:\/\/daniel-chelaru.ro\/wp-content\/uploads\/2025\/08\/IMG-20250817-WA0031-1225x1536.jpg 1225w, https:\/\/daniel-chelaru.ro\/wp-content\/uploads\/2025\/08\/IMG-20250817-WA0031-600x752.jpg 600w, https:\/\/daniel-chelaru.ro\/wp-content\/uploads\/2025\/08\/IMG-20250817-WA0031.jpg 1573w\" sizes=\"auto, (max-width: 817px) 100vw, 817px\" \/><\/div><\/figure>\n<\/div><\/div>\n\n<\/div><\/div>\n\n<div class=\"kb-row-layout-wrap kb-row-layout-id225_d9699c-f9 alignfull has-theme-palette9-background-color kt-row-has-bg wp-block-kadence-rowlayout\"><div class=\"kt-row-column-wrap kt-has-2-columns kt-row-layout-equal kt-tab-layout-row kt-mobile-layout-row kt-row-valign-middle kb-theme-content-width\">\n\n<div class=\"wp-block-kadence-column kadence-column225_542605-21 inner-column-1\"><div class=\"kt-inside-inner-col\">\n<figure class=\"wp-block-kadence-image kb-image225_be1b1e-50 size-large kb-image-is-ratio-size\"><div class=\"kb-is-ratio-image kb-image-ratio-port34\"><img loading=\"lazy\" decoding=\"async\" width=\"766\" height=\"1024\" src=\"https:\/\/daniel-chelaru.ro\/wp-content\/uploads\/2025\/08\/IMG-20250817-WA0010-766x1024.jpg\" alt=\"\" class=\"kb-img wp-image-87\" srcset=\"https:\/\/daniel-chelaru.ro\/wp-content\/uploads\/2025\/08\/IMG-20250817-WA0010-766x1024.jpg 766w, https:\/\/daniel-chelaru.ro\/wp-content\/uploads\/2025\/08\/IMG-20250817-WA0010-224x300.jpg 224w, https:\/\/daniel-chelaru.ro\/wp-content\/uploads\/2025\/08\/IMG-20250817-WA0010-768x1027.jpg 768w, https:\/\/daniel-chelaru.ro\/wp-content\/uploads\/2025\/08\/IMG-20250817-WA0010-50x67.jpg 50w, https:\/\/daniel-chelaru.ro\/wp-content\/uploads\/2025\/08\/IMG-20250817-WA0010-600x803.jpg 600w, https:\/\/daniel-chelaru.ro\/wp-content\/uploads\/2025\/08\/IMG-20250817-WA0010.jpg 1019w\" sizes=\"auto, (max-width: 766px) 100vw, 766px\" \/><\/div><\/figure>\n<\/div><\/div>\n\n\n\n<div class=\"wp-block-kadence-column kadence-column225_e893fe-72 inner-column-2\"><div class=\"kt-inside-inner-col\">\n<p class=\"kt-adv-heading225_42d4eb-91 wp-block-kadence-advancedheading has-theme-palette-4-color has-text-color\" data-kb-block=\"kb-adv-heading225_42d4eb-91\">Copil\u0103ria mi-am petrecut-o colind\u00e2nd dealurile, care \u00eenconjurau ora\u0219ul ca ni\u0219te ziduri de cetate, unde am f\u0103cut cuno\u0219tin\u021b\u0103 cu frumuse\u021bea culorilor, mai ales a verdelui timid de prim\u0103vara si a decorului pictat de fantezia toamnei, cu paleta ei inepuizabil\u0103.<br>Ai mei au vrut s\u0103 m\u0103 dea la \u015fcoala de muzic\u0103 \u00eenc\u0103 din clasa \u00eent\u00e2i. Tata voia s\u0103 fac vioara, pentru c\u0103 bunicul meu c\u00e2nta la vioar\u0103 \u015fi chiar avea un instrument destul de vechi \u015fi valoros, pe care mi l-ar fi dat mie cu toat\u0103 dragostea dac\u0103 a\u015f fi vrut\u00a0 acest lucru. \u00cens\u0103 eu am asociat vioara cu scripca. Cu mintea mea de copil am g\u00e2ndit atunci c\u0103 ai mei vor s\u0103 m\u0103 fac\u0103 scripcar a\u015fa c\u0103 am f\u0103cut tot posibilul s\u0103 pic examenul. \u015ei l-am picat.<br>\u00cen primele patru clase primare i-am exasperat pe ai mei cu m\u00e2zg\u0103litul caietelor \u015fi \u00een general a tot ce \u00eensemna h\u00e2rtie. A\u015fa c\u0103 mi-au mai rezervat un examen. La arte plastice. Aici chiar am fost tentat de experien\u0163\u0103. Ca drept dovada am luat examenul.<br>Gimnaziul, practic, a insemnat singurul meu contact, ca form\u0103 de preg\u0103tire cult\u0103, dac\u0103 se poate vorbi de a\u0219a ceva la acea v\u0103rst\u0103, cu arta. Apoi au venit r\u00e2nd pe r\u00e2nd, liceul, stagiul militar, c\u0103s\u0103toria, copiii si cei 37 de ani de activitate profesional\u0103.<br>Odat\u0103\u00a0 cu apropierea v\u00e2rstei de pensionare \u0219i g\u00e2ndul la zilele de inactivitate mi-au adus \u00een minte harul pe care Dumnezeu mi l-a dat la na\u0219tere \u0219i pe care l-am folosit at\u00e2t de rar \u00een via\u021b\u0103. A\u0219a se face c\u0103 \u00een toamna lui 2011 am reluat firul rupt cu 20 de ani \u00een urma, cam at\u00e2t a trecut de la ultima lucrare, l-am inodat \u0219i acum iat\u0103-m\u0103 \u00een fa\u021ba dumneavoastr\u0103 prezent\u00e2ndu-v\u0103 c\u00e2teva dintre lucr\u0103rile mele, pe care eu le consider ca fiind cele mai reprezentative, de\u0219i mi-ar fi pl\u0103cut s\u0103 le pot expune pe toate.<br>\u00cencep\u00e2nd cu anul 2014 am participat la mai multe evenimente expozi\u021bionale, de grup sau personale, \u00een Bucure\u0219ti, Sibiu, R\u00e2mnicu V\u00e2lcea, T\u00e2tgu Jiu, Giurgiu \u0219i B\u00e2rlad.<br>Cea mai de succes a fost expozi\u021bia de portrete ale marilor actori rom\u00e2ni, realizate \u00een grafit sau c\u0103rbune, de la Teatrul Na\u021bionel din Bucure\u0219ti, intitulat\u0103 \u201dOmagiu \u00een Alb \u0219i Negru\u201d.<br>\u00centre timp, printre pic\u0103turile de culoare, am g\u0103sit timp s\u0103 public \u00een anul 2021 volumul autobiografic de eseuri \u201dAm fost un om cu o valiz\u0103\u201d, iar \u00een anul 2024, volumul de versuri \u201dmai d\u0103-mi o ploaie toamn\u0103\u201d.<\/p>\n<\/div><\/div>\n\n<\/div><\/div>\n\n\n<div class=\"wp-block-stackable-text stk-block-text stk-block stk-47759ac\" data-block-id=\"47759ac\"><p class=\"stk-block-text__text has-text-align-justify\">La final v\u0103 prezint un motto pe care l-am scris \u0219i care m\u0103 caracterizeaz\u0103 din toate punctele de vedere.<\/p><\/div>\n\n\n\n<div data-aos= \"slide-down\" data-aos-duration=\"400\" data-aos-delay=\"0\" data-aos-easing=\"ease\" data-aos-once=\"true\" class=\"wp-block-uagb-advanced-heading uagb-block-dfe4df2a\"><h2 class=\"uagb-heading-text\">\u201dDegeaba te a\u0219ezi l\u00e2ng\u0103 oameni lumino\u0219i, dac\u0103 tu nu e\u0219ti capabil s\u0103 str\u0103luce\u0219ti! Ace\u0219tia te vor acoperi \u00eentotdeauna cu umbra lor!\u201d<\/h2><\/div>\n\n\n\n<p><\/p>\n","protected":false},"excerpt":{"rendered":"<p>\u00ceN LOC DE CURRICULUM VITAE Bun\u0103 ziua! Numele meu este Daniel Chelaru. Sunt n\u0103scut toamna, c\u00e2nd asprimea vinului proasp\u0103t mustuit incepe s\u0103 se simt\u0103 \u00een butoaiele gospodarilor&#8230; c\u00e2nd ultimele r\u0103m\u0103\u0219i\u021be de recolt\u0103 se ad\u0103postesc \u00een hambare&#8230; c\u00e2nd se umplu butoaiele cu mur\u0103turi si varz\u0103 pentru iarn\u0103, c\u00e2nd borcanele cu zacusc\u0103, gemuri de prune sau gutui [&hellip;]<\/p>\n","protected":false},"author":1,"featured_media":0,"parent":0,"menu_order":0,"comment_status":"closed","ping_status":"closed","template":"","meta":{"CBBTypography":[],"_uag_custom_page_level_css":"","footnotes":""},"class_list":["post-225","page","type-page","status-publish","hentry"],"uagb_featured_image_src":{"full":false,"thumbnail":false,"medium":false,"medium_large":false,"large":false,"gs-tiny":false,"xl":false,"xxl":false,"xxxl":false,"xxxxl":false,"xxxxxl":false,"1536x1536":false,"2048x2048":false,"woocommerce_thumbnail":false,"woocommerce_single":false,"woocommerce_gallery_thumbnail":false},"uagb_author_info":{"display_name":"admin","author_link":"https:\/\/daniel-chelaru.ro\/index.php\/author\/admin_l2rq39d8\/"},"uagb_comment_info":0,"uagb_excerpt":"\u00ceN LOC DE CURRICULUM VITAE Bun\u0103 ziua! Numele meu este Daniel Chelaru. Sunt n\u0103scut toamna, c\u00e2nd asprimea vinului proasp\u0103t mustuit incepe s\u0103 se simt\u0103 \u00een butoaiele gospodarilor&#8230; c\u00e2nd ultimele r\u0103m\u0103\u0219i\u021be de recolt\u0103 se ad\u0103postesc \u00een hambare&#8230; c\u00e2nd se umplu butoaiele cu mur\u0103turi si varz\u0103 pentru iarn\u0103, c\u00e2nd borcanele cu zacusc\u0103, gemuri de prune sau gutui&hellip;","_links":{"self":[{"href":"https:\/\/daniel-chelaru.ro\/index.php\/wp-json\/wp\/v2\/pages\/225","targetHints":{"allow":["GET"]}}],"collection":[{"href":"https:\/\/daniel-chelaru.ro\/index.php\/wp-json\/wp\/v2\/pages"}],"about":[{"href":"https:\/\/daniel-chelaru.ro\/index.php\/wp-json\/wp\/v2\/types\/page"}],"author":[{"embeddable":true,"href":"https:\/\/daniel-chelaru.ro\/index.php\/wp-json\/wp\/v2\/users\/1"}],"replies":[{"embeddable":true,"href":"https:\/\/daniel-chelaru.ro\/index.php\/wp-json\/wp\/v2\/comments?post=225"}],"version-history":[{"count":6,"href":"https:\/\/daniel-chelaru.ro\/index.php\/wp-json\/wp\/v2\/pages\/225\/revisions"}],"predecessor-version":[{"id":293,"href":"https:\/\/daniel-chelaru.ro\/index.php\/wp-json\/wp\/v2\/pages\/225\/revisions\/293"}],"wp:attachment":[{"href":"https:\/\/daniel-chelaru.ro\/index.php\/wp-json\/wp\/v2\/media?parent=225"}],"curies":[{"name":"wp","href":"https:\/\/api.w.org\/{rel}","templated":true}]}}